2*c**2 - 2*c - 58. Calculate x(-24).
-1162
Let c(m) = -m**3 - 180*m**2 + 6054*m - 1425. Determine c(-209).
38
Let p(t) = -11*t**2 - 14546*t + 43653. Give p(3).
-84
Let z(v) = -3*v**2 - 534*v - 10205. Give z(-157).
-314
Let l(k) = k**3 - 198*k**2 + 9078*k - 18. Determine l(72).
414
Let r(y) = -4*y**3 + 8*y**2 + 6*y + 653. Calculate r(0).
653
Let s(y) = 18*y**2 + 127*y - 404. Determine s(-15).
1741
Let r(u) = 2*u**3 - 26*u**2 + 4*u - 97. Determine r(13).
-45
Let k(t) = -1179835*t + 15337852. Calculate k(13).
-3
Let r(l) = -l**3 - 43*l**2 - 210*l - 27. What is r(-8)?
-587
Let d(i) = -3948*i + 110626. Calculate d(28).
82
Let s(f) = 284*f + 31006. What is s(-110)?
-234
Let t(k) = -596*k**2 + 5*k + 656. What is t(0)?
656
Let a(k) = -3*k**3 - 12*k**2 + 283*k + 1122. What is a(-4)?
-10
Let w(g) = -2*g**3 - 221*g**2 - 2891*g - 7. Determine w(-15).
383
Let z(f) = -f**3 + 156*f**2 + 13778*f + 4151. What is z(219)?
-10
Let m(x) = x**3 + 17*x**2 + 107*x + 572. Give m(-12).
8
Let v(c) = c**2 + 158*c - 19915. Calculate v(78).
-1507
Let n(f) = f**3 - 49*f**2 + 261*f - 316. Calculate n(39).
-5347
Let w(n) = 5*n**3 + 32*n**2 - 52*n - 349. What is w(-5)?
86
Let f(g) = 2*g**2 + 831*g - 7245. What is f(-424)?
-37
Let l(v) = -8*v**3 + 3699*v**2 + 2318*v - 1392. Determine l(463).
-3
Let h(u) = u**2 + 26945*u - 107798. Determine h(4).
-2
Let g(t) = 7905*t + 102809. What is g(-13)?
44
Let t(l) = -6*l**3 + 1058*l**2 - 1420*l + 3497. Give t(175).
-3
Let w(j) = -183*j**3 - 18*j**2 + 72*j - 89. Give w(2).
-1481
Let p(l) = -10*l**2 - 326*l + 32418. What is p(43)?
-90
Let q(i) = 3567*i + 667030. What is q(-187)?
1
Let x(o) = -o**2 + 614*o - 89342. Determine x(236).
-134
Let w(t) = 133*t - 51. Calculate w(-6).
-849
Let h(c) = 2398*c - 57375. Calculate h(25).
2575
Let f(h) = 5*h**2 - 1062*h - 5215. Give f(217).
-224
Let d(s) = 5084*s - 46484. Give d(9).
-728
Let g(q) = 90*q - 2037. What is g(31)?
753
Let a(f) = -544*f + 6843. What is a(10)?
1403
Let j(x) = x**3 + 62*x**2 + 1259*x + 4111. Calculate j(-4).
3
Let d(z) = -2085*z + 180457. Give d(87).
-938
Let d(o) = o**3 + 8*o**2 - 1137*o - 4605. Calculate d(-4).
7
Let w(z) = -6819*z + 68436. Determine w(10).
246
Let l(v) = 14*v**2 - 16383*v - 32763. Determine l(-2).
59
Let w(d) = -d**2 + 22567*d - 586121. Give w(26).
-55
Let w(x) = x**3 - 1202*x**2 - 14560*x - 9723. Give w(1214).
-11
Let w(l) = -2*l**2 - 170*l - 2259. Determine w(-16).
-51
Let b(o) = -4*o**2 - 3594*o - 222837. Determine b(-67).
5
Let t(w) = -w**2 - 13541*w - 1223948. Determine t(-91).
2
Let j(q) = 4532*q + 4537. Determine j(-1).
5
Let o(u) = 38*u**3 - 7182*u**2 - u + 186. Give o(189).
-3
Let n(w) = 6*w**3 + 12*w**2 + 61*w + 212. Determine n(-8).
-2580
Let t(m) = -34*m**3 + 8*m**2 - 11*m + 4. Determine t(1).
-33
Let f(y) = y**2 - 2238*y + 517673. Calculate f(262).
-39
Let k(f) = 192*f**2 - 16570*f - 28686. What is k(88)?
2
Let g(r) = -4*r**3 + 15*r**2 - 1033*r + 9168. Give g(9).
-1830
Let i(a) = -80*a**2 + 2038*a - 324. Determine i(25).
626
Let p(z) = 119*z**2 + 356*z - 14. Determine p(-3).
-11
Let s(u) = -15401*u + 77077. Calculate s(5).
72
Let p(i) = 22657*i - 67043. Give p(3).
928
Let b(p) = -p**3 + 211*p**2 + 1071*p + 1. Determine b(-5).
46
Let a(n) = 19943*n + 27880319. What is a(-1398)?
5
Let k(r) = -1082*r + 10818. Give k(10).
-2
Let h(i) = -2*i**2 + 1424*i - 9940. Give h(7).
-70
Let r(d) = 9*d**2 + 506*d - 26255. What is r(-89)?
0
Let k(j) = -23*j**2 + 1535*j - 34. Give k(67).
-436
Let d(x) = x**3 - 3*x**2 - 672*x - 520. What is d(-24)?
56
Let d(f) = 607*f + 18128. What is d(-30)?
-82
Let q(y) = y**2 + 8142*y + 178604. Determine q(-22).
-36
Let u(s) = 7*s**3 - 1717*s**2 - 1226*s - 995. What is u(246)?
-11
Let a(v) = 327156*v - 4907349. Give a(15).
-9
Let c(r) = 3*r**3 + 381*r**2 - 387*r - 520. Determine c(-128).
-136
Let x(q) = 381*q - 9985. What is x(26)?
-79
Let h(u) = 22*u**2 + 7291*u + 2695. What is h(-331)?
-284
Let w(b) = -61*b + 1724. What is w(31)?
-167
Let o(a) = -6*a**3 - 128*a**2 + 82*a - 60. Give o(-22).
72
Let j(o) = 579*o + 28831. What is j(-51)?
-698
Let p(k) = 1510*k - 5645. Determine p(3).
-1115
Let z(a) = 1162*a + 17912. Give z(-15).
482
Let r(i) = -1273*i**2 - 17825*i - 3. Give r(-14).
39
Let k(c) = 29273*c - 175620. Determine k(6).
18
Let t(v) = -11*v**2 + 1713*v - 16997. Calculate t(10).
-967
Let m(j) = 14197*j + 184473. Calculate m(-13).
-88
Let s(z) = -2503*z - 37517. What is s(-15)?
28
Let l(y) = y**3 + 3*y**2 - 515*y - 28. What is l(-24)?
236
Let o(s) = -31*s + 3817. Give o(121).
66
Let z(v) = 226*v - 8173. Give z(47).
2449
Let r(d) = 6*d**3 + 21*d**2 - 82*d - 49. Give r(5).
816
Let k(n) = 15943*n - 4846633. Determine k(304).
39
Let p(l) = l**3 - 18*l**2 - 88*l + 100. What is p(21)?
-425
Let s(z) = -2*z**2 - 6337*z - 317986. Give s(-51).
-1
Let r(p) = 15761*p - 78808. Calculate r(5).
-3
Let r(y) = y**2 + 260*y + 3914. Calculate r(-16).
10
Let y(n) = n**2 - 9282*n + 4933262. Calculate y(566).
6
Let v(r) = -1673*r - 974. Give v(-1).
699
Let l(k) = -14*k**3 - 471*k**2 + 667*k + 102. Calculate l(-35).
32
Let m(c) = -416*c**3 + 21*c**2 + 9*c - 10. Calculate m(-1).
418
Let o(q) = -83*q**2 + 5143*q + 22101. Give o(66).
-9
Let c(r) = 43*r**2 - 332*r - 6. What is c(-3)?
1377
Let a(r) = -r**3 - 109*r**2 + 1246*r + 41164. Give a(23).
-6
Let g(p) = 111*p**2 - 77*p - 306. What is g(-6)?
4152
Let c(s) = 286*s - 7829. Give c(27).
-107
Let q(p) = -6664*p - 73255. Determine q(-11).
49
Let r(q) = 37292*q - 484758. Determine r(13).
38
Let s(k) = -17*k**2 - 136339*k - 136338. What is s(-1)?
-16
Let y(f) = -f**3 - 70*f**2 + 620*f - 405. Calculate y(-78).
-93
Let b(h) = 3*h**2 - 60*h - 49533. What is b(139)?
90
Let v(d) = -3*d**2 + 15077*d - 60260. Determine v(4).
0
Let g(f) = -16*f + 1568. Determine g(-10).
1728
Let l(a) = -a**3 - 15*a**2 - 131*a - 882. Calculate l(-11).
75
Let f(p) = -4740*p + 1156536. Calculate f(244).
-24
Let h(y) = 1332*y + 32830. What is h(-25)?
-470
Let h(p) = -52*p + 3308. Calculate h(75).
-592
Let g(o) = 3*o**2 - 789*o + 3117. Calculate g(259).
9
Let k(g) = -4*g**2 - 753*g - 3264. Give k(-184).
-136
Let z(a) = -4998*a + 139950. Determine z(28).
6
Let x(p) = -215*p + 3763. Give x(23).
-1182
Let j(w) = -25920*w**2 - 129454*w + 736. What is j(-5)?
6
Let u(a) = a**2 - 184*a - 13762. Give u(241).
-25
Let d(g) = g**2 + 2564*g - 518. Determine d(0).
-518
Let z(a) = 85*a**3 + 5*a**2 - 54*a + 70. Give z(3).
2248
Let n(k) = k**3 + 25*k**2 - 245*k - 5182. What is n(-25)?
943
Let f(v) = 215*v**2 + 575*v. Determine f(-2).
-290
Let g(q) = -q**2 + 152*q + 626. Give g(153).
473
Let b(p) = -p**3 + 41*p**2 - 578*p + 2699. Give b(16).
-149
Let x(r) = -r**3 - 34*r**2 - 437*r - 20716. Calculate x(-37).
-440
Let n(b) = -b**3 - 53*b**2 - 121*b - 947. Determine n(-51).
22
Let q(v) = -6*v**2 + 626*v - 11927. Give q(25).
-27
Let o(u) = -3957*u - 11848. What is o(-3)?
23
Let x(t) = 72552*t - 144869. Calculate x(2).
235
Let c(j) = 1874*j + 179911. What is c(-96)?
7
Let d(i) = i**3 + 169*i**2 + 308*i - 4014. Calculate d(-167).
328
Let j(c) = 227*c + 2321. What is j(-11)?
-176
Let b(q) = -10*q**2 + 4199*q - 4190. Give b(1).
-1
Let l(d) = -d**3 - 524*d**2 + 5917*d - 328. Calculate l(11).
24
Let i(g) = -3*g**3 + 1160*g**2 + 24841*g - 5821. Give i(407).
-123
Let r(g) = -20*g**2 - 150*g + 234. Calculate r(-8).
154
Let p(w) = 61278*w - 367656. Calculate p(6).
12
Let k(o) = 60110*o - 13464636. What is k(224)?
4
Let q(u) = -7985*u - 6408. What is q(-1)?
1577
Let l(w) = -113781*w + 2503313. Determine l(22).
131
Let q(p) = p**2 - 199*p - 617. Determine q(203).
195
Let c(t) = -5*t**3 - 407*t**2 - 178*t - 1382. What is c(-81)?
-86
Let r(c) = 5*c**3 - 69*c**2 + 207*c. Calculate r(8).
-200
Let j(m) = 7*m**3 - 49*m**2 - 213*m - 135. Give j(-3).
-126
Let i(k) = -k**3 - 17*k**2 + 21*k + 533. What is i(-15)?
-232
Let k(s) = -14*s**2 + 213*s + 3176. Give k(-15).
-3169
Let t(c) = 282*c - 32808. Give t(116).
-96
Let y(b) = 1794*b + 193745. Give y(-108).
-7
Let g(r) = 3*r**3 + 4*r**2 - 978*r - 1970. Determine g(-2).
-22
Let n(k) = -194162*k - 3883240. What is n(-20)?
0
Let w(g) = 2*g**2 + 363*g - 95211. Calculate w(-327).
-54
Let m(g) = 5*g**3 - 419*g**2 + 3304*g - 322. Give m(75).
-22
Let y(s) = 77*s**2 - 11064*s - 3451. What is y(144)?
5
Let n(t) = 571784*t + 5717837. D